{"id":518,"date":"2021-08-25T13:30:20","date_gmt":"2021-08-25T11:30:20","guid":{"rendered":"https:\/\/www.es-jmm-savenay.fr\/college-saint-joseph-savenay\/?page_id=518"},"modified":"2022-03-07T09:47:18","modified_gmt":"2022-03-07T08:47:18","slug":"4eme-au-coeur-du-college","status":"publish","type":"page","link":"https:\/\/www.es-jmm-savenay.fr\/college-saint-joseph-savenay\/4eme-au-coeur-du-college\/","title":{"rendered":"4\u00e8me : au c\u0153ur du coll\u00e8ge"},"content":{"rendered":"[vc_row ct_row_stretch=\u00a0\u00bb\u00a0\u00bb][vc_column]<div class=\"ult-spacer spacer-69e4c45ca220a\" data-id=\"69e4c45ca220a\" data-height=\"80\" data-height-mobile=\"80\" data-height-tab=\"80\" data-height-tab-portrait=\"\" data-height-mobile-landscape=\"\" style=\"clear:both;display:block;\"><\/div><div id=\"ultimate-heading-408469e4c45ca23aa\" class=\"uvc-heading ult-adjust-bottom-margin ultimate-heading-408469e4c45ca23aa uvc-2227 \" data-hspacer=\"line_with_icon\" data-hline_width=\"auto\" data-hicon_type=\"selector\" data-hborder_style=\"solid\" data-hborder_height=\"3\" data-hborder_color=\"#eb6029\" data-icon_width=\"50\" data-hfixer=\"10\"  data-halign=\"center\" style=\"text-align:center\"><div class=\"uvc-heading-spacer line_with_icon\" style=\"topheight:50px;\"><div class=\"ult-just-icon-wrapper  \"><div class=\"align-icon\" style=\"text-align:center;\">\n<div class=\"aio-icon none \"  style=\"color:#eb6029;font-size:50px;display:inline-block;\">\n\t<i class=\"icomoon-ACCUEIL\"><\/i>\n<\/div><\/div><\/div><\/div><div class=\"uvc-main-heading ult-responsive\"  data-ultimate-target='.uvc-heading.ultimate-heading-408469e4c45ca23aa h1'  data-responsive-json-new='{\"font-size\":\"desktop:50px;\",\"line-height\":\"\"}' ><h1 style=\"font-weight:normal;color:#1a1c39;margin-top:15px;margin-bottom:50px;\">4\u00e8me : au c\u0153ur du coll\u00e8ge<\/h1><\/div><\/div>[\/vc_column][\/vc_row][vc_row ct_row_stretch=\u00a0\u00bb\u00a0\u00bb][vc_column]<div class=\"ult-spacer spacer-69e4c45ca23c4\" data-id=\"69e4c45ca23c4\" data-height=\"40\" data-height-mobile=\"40\" data-height-tab=\"40\" data-height-tab-portrait=\"\" data-height-mobile-landscape=\"\" style=\"clear:both;display:block;\"><\/div>[vc_column_text el_class=\u00a0\u00bbsoulignage-es college\u00a0\u00bb css=\u00a0\u00bb.vc_custom_1633076558190{padding-bottom: 30px !important;}\u00a0\u00bb]\n<h4 style=\"text-align: center;\"><strong>Deuxi\u00e8me ann\u00e9e du cycle 4<\/strong><\/h4>\n[\/vc_column_text][vc_column_text css=\u00a0\u00bb.vc_custom_1633081549334{padding-top: 40px !important;}\u00a0\u00bb]Ann\u00e9e centrale de cycle 4, la classe de 4<sup>\u00e8me<\/sup> permet de consolider les connaissances fondamentales du coll\u00e8ge et de travailler son raisonnement.<\/p>\n<p>Au cours de cette ann\u00e9e, les \u00e9l\u00e8ves de 4<sup>\u00e8me<\/sup> peuvent b\u00e9n\u00e9ficier\u00a0:<\/p>\n<ul>\n<li>D\u2019un approfondissement en anglais (1.5 h).<\/li>\n<li>De temps d\u2019accompagnement durant la pause m\u00e9ridienne,<\/li>\n<li>D\u2019aide aux devoirs sur certaines p\u00e9riodes.<\/li>\n<\/ul>\n[\/vc_column_text]<div class=\"ult-spacer spacer-69e4c45ca23ce\" data-id=\"69e4c45ca23ce\" data-height=\"70\" data-height-mobile=\"70\" data-height-tab=\"70\" data-height-tab-portrait=\"\" data-height-mobile-landscape=\"\" style=\"clear:both;display:block;\"><\/div>[\/vc_column][\/vc_row][vc_row ct_row_stretch=\u00a0\u00bb\u00a0\u00bb][vc_column width=\u00a0\u00bb1\/2&Prime;][vc_column_text el_class=\u00a0\u00bbsoulignage-es college\u00a0\u00bb css=\u00a0\u00bb.vc_custom_1633076569612{padding-bottom: 30px !important;}\u00a0\u00bb]\n<h4 style=\"text-align: center;\"><strong>Continuit\u00e9<\/strong><\/h4>\n[\/vc_column_text][vc_column_text css=\u00a0\u00bb.vc_custom_1633075592733{padding-top: 40px !important;}\u00a0\u00bb]Dans la continuit\u00e9 de l\u2019ann\u00e9e de 5<sup>\u00e8me<\/sup>, la r\u00e9flexion sur le parcours avenir est approfondie autour de deux th\u00e8mes.<\/p>\n<ul>\n<li>S\u2019informer sur l\u2019orientation<\/li>\n<li>D\u00e9couvrir des m\u00e9tiers<\/li>\n<\/ul>\n<p>Des ressources pr\u00e9sentes au CDI et la visite r\u00e9alis\u00e9e au Point Jeunesse au mois de mars fournissent aux \u00e9l\u00e8ves une documentation appropri\u00e9e.[\/vc_column_text][\/vc_column][vc_column width=\u00a0\u00bb1\/2&Prime;][vc_column_text el_class=\u00a0\u00bbsoulignage-es college\u00a0\u00bb css=\u00a0\u00bb.vc_custom_1633075566246{padding-bottom: 30px !important;}\u00a0\u00bb]\n<h4 style=\"text-align: center;\"><strong>SEMAINE \u00a0PAE <\/strong>(Projets de l\u2019Action Educative)<\/h4>\n[\/vc_column_text][vc_column_text css=\u00a0\u00bb.vc_custom_1633075598349{padding-top: 40px !important;}\u00a0\u00bb]La semaine PAE est l\u2019occasion pour les 4<sup>\u00e8mes<\/sup> de voyager et notamment en dehors de nos fronti\u00e8res afin de d\u00e9couvrir diff\u00e9rents patrimoines culturels, de d\u00e9velopper l\u2019ouverture aux autres, etc \u2026<\/p>\n<p>Cardiff, Londres, Oxford, Italie, Espagne, Allemagne (avec un \u00e9change avec le coll\u00e8ge), sont autant de destinations propos\u00e9es aux coll\u00e9giens au cours de cette semaine particuli\u00e8re.<\/p>\n<p>Pour ces s\u00e9jours, les \u00e9l\u00e8ves peuvent \u00eatre accueillis dans des familles, ce qui permet l\u2019approfondissement des langues \u00e9trang\u00e8res et facilite les \u00e9changes culturels. Pour une trentaine d\u2019entre eux, un \u00e9change plus important se fait avec un coll\u00e8ge de M\u00f6lnn, en Allemagne.<\/p>\n<p>Chaque \u00e9l\u00e8ve est en contact avec un correspondant et le re\u00e7oit dans sa famille. Le coll\u00e8ge travaille \u00e9galement avec un coll\u00e8ge Espagnol dans la r\u00e9gion de S\u00e9ville.[\/vc_column_text][\/vc_column][\/vc_row][vc_row ct_row_stretch=\u00a0\u00bb\u00a0\u00bb css=\u00a0\u00bb.vc_custom_1633076619922{padding-top: 40px !important;}\u00a0\u00bb][vc_column width=\u00a0\u00bb1\/4&Prime;][\/vc_column][vc_column width=\u00a0\u00bb1\/2&Prime;]<div class=\"ult-spacer spacer-69e4c45ca23d6\" data-id=\"69e4c45ca23d6\" data-height=\"70\" data-height-mobile=\"70\" data-height-tab=\"70\" data-height-tab-portrait=\"\" data-height-mobile-landscape=\"\" style=\"clear:both;display:block;\"><\/div>[vc_column_text el_class=\u00a0\u00bbsoulignage-es college\u00a0\u00bb css=\u00a0\u00bb.vc_custom_1633076594557{padding-bottom: 30px !important;}\u00a0\u00bb]\n<h4 style=\"text-align: center;\"><strong>Heures d&rsquo;enseignement<\/strong><\/h4>\n[\/vc_column_text][vc_column_text css=\u00a0\u00bb.vc_custom_1633075611936{padding-top: 40px !important;}\u00a0\u00bb]\n<h4><\/h4>\n<table width=\"376\">\n<tbody>\n<tr>\n<td width=\"296\">Fran\u00e7ais<\/td>\n<td width=\"80\">4H30<\/td>\n<\/tr>\n<tr>\n<td>Math\u00e9matiques<\/td>\n<td>3H30<\/td>\n<\/tr>\n<tr>\n<td>Anglais<\/td>\n<td>3H<\/td>\n<\/tr>\n<tr>\n<td>Espagnol ou Allemand<\/td>\n<td>2H30<\/td>\n<\/tr>\n<tr>\n<td>Histoire G\u00e9ographie-EMC<\/td>\n<td>3H<\/td>\n<\/tr>\n<tr>\n<td>SVT (Sciences et Vie de la Terre)<\/td>\n<td>1H30<\/td>\n<\/tr>\n<tr>\n<td>Technologie<\/td>\n<td>1h30<\/td>\n<\/tr>\n<tr>\n<td>Sciences physiques<\/td>\n<td>1H30<\/td>\n<\/tr>\n<tr>\n<td>Arts plastiques<\/td>\n<td>1H<\/td>\n<\/tr>\n<tr>\n<td>Education musicale<\/td>\n<td>1H<\/td>\n<\/tr>\n<tr>\n<td>EPS (Education Physique et Sportive)<\/td>\n<td>3H<\/td>\n<\/tr>\n<tr>\n<td>Latin (Accompagnement compl\u00e9mentaire)<\/td>\n<td>2H<\/td>\n<\/tr>\n<tr>\n<td>Titulariat<\/td>\n<td>0H30<\/td>\n<\/tr>\n<tr>\n<td>Parcours affectivit\u00e9<\/td>\n<td>3 fois\/an<\/td>\n<\/tr>\n<\/tbody>\n<\/table>\n[\/vc_column_text][\/vc_column][vc_column width=\u00a0\u00bb1\/4&Prime;][\/vc_column][\/vc_row][vc_row ct_row_stretch=\u00a0\u00bb\u00a0\u00bb][vc_column]<div class=\"ult-spacer spacer-69e4c45ca23dc\" data-id=\"69e4c45ca23dc\" data-height=\"150\" data-height-mobile=\"150\" data-height-tab=\"150\" data-height-tab-portrait=\"\" data-height-mobile-landscape=\"\" style=\"clear:both;display:block;\"><\/div>[\/vc_column][\/vc_row]\n","protected":false},"excerpt":{"rendered":"<p>[vc_row ct_row_stretch=\u00a0\u00bb\u00a0\u00bb][vc_column][\/vc_column][\/vc_row][vc_row ct_row_stretch=\u00a0\u00bb\u00a0\u00bb][vc_column][vc_column_text el_class=\u00a0\u00bbsoulignage-es college\u00a0\u00bb css=\u00a0\u00bb.vc_custom_1633076558190{padding-bottom: 30px !important;}\u00a0\u00bb] Deuxi\u00e8me ann\u00e9e du cycle 4 [\/vc_column_text][vc_column_text css=\u00a0\u00bb.vc_custom_1633081549334{padding-top: 40px !important;}\u00a0\u00bb]Ann\u00e9e centrale de cycle 4, la classe de 4\u00e8me permet de consolider les connaissances &#8230;<\/p>\n","protected":false},"author":1,"featured_media":0,"parent":0,"menu_order":0,"comment_status":"closed","ping_status":"closed","template":"","meta":{"footnotes":""},"class_list":["post-518","page","type-page","status-publish","hentry"],"_links":{"self":[{"href":"https:\/\/www.es-jmm-savenay.fr\/college-saint-joseph-savenay\/wp-json\/wp\/v2\/pages\/518","targetHints":{"allow":["GET"]}}],"collection":[{"href":"https:\/\/www.es-jmm-savenay.fr\/college-saint-joseph-savenay\/wp-json\/wp\/v2\/pages"}],"about":[{"href":"https:\/\/www.es-jmm-savenay.fr\/college-saint-joseph-savenay\/wp-json\/wp\/v2\/types\/page"}],"author":[{"embeddable":true,"href":"https:\/\/www.es-jmm-savenay.fr\/college-saint-joseph-savenay\/wp-json\/wp\/v2\/users\/1"}],"replies":[{"embeddable":true,"href":"https:\/\/www.es-jmm-savenay.fr\/college-saint-joseph-savenay\/wp-json\/wp\/v2\/comments?post=518"}],"version-history":[{"count":11,"href":"https:\/\/www.es-jmm-savenay.fr\/college-saint-joseph-savenay\/wp-json\/wp\/v2\/pages\/518\/revisions"}],"predecessor-version":[{"id":1203,"href":"https:\/\/www.es-jmm-savenay.fr\/college-saint-joseph-savenay\/wp-json\/wp\/v2\/pages\/518\/revisions\/1203"}],"wp:attachment":[{"href":"https:\/\/www.es-jmm-savenay.fr\/college-saint-joseph-savenay\/wp-json\/wp\/v2\/media?parent=518"}],"curies":[{"name":"wp","href":"https:\/\/api.w.org\/{rel}","templated":true}]}}