{"id":520,"date":"2021-08-25T13:34:34","date_gmt":"2021-08-25T11:34:34","guid":{"rendered":"https:\/\/www.es-jmm-savenay.fr\/college-saint-joseph-savenay\/?page_id=520"},"modified":"2022-03-07T09:47:56","modified_gmt":"2022-03-07T08:47:56","slug":"3eme-derniere-annee-du-cycle-4","status":"publish","type":"page","link":"https:\/\/www.es-jmm-savenay.fr\/college-saint-joseph-savenay\/3eme-derniere-annee-du-cycle-4\/","title":{"rendered":"3\u00e8me : derni\u00e8re ann\u00e9e du cycle 4"},"content":{"rendered":"[vc_row ct_row_stretch=\u00a0\u00bb\u00a0\u00bb][vc_column]<div class=\"ult-spacer spacer-69e4c4951317f\" data-id=\"69e4c4951317f\" data-height=\"80\" data-height-mobile=\"80\" data-height-tab=\"80\" data-height-tab-portrait=\"\" data-height-mobile-landscape=\"\" style=\"clear:both;display:block;\"><\/div><div id=\"ultimate-heading-390469e4c49513362\" class=\"uvc-heading ult-adjust-bottom-margin ultimate-heading-390469e4c49513362 uvc-2764 \" data-hspacer=\"line_with_icon\" data-hline_width=\"auto\" data-hicon_type=\"selector\" data-hborder_style=\"solid\" data-hborder_height=\"3\" data-hborder_color=\"#eb6029\" data-icon_width=\"50\" data-hfixer=\"10\"  data-halign=\"center\" style=\"text-align:center\"><div class=\"uvc-heading-spacer line_with_icon\" style=\"topheight:50px;\"><div class=\"ult-just-icon-wrapper  \"><div class=\"align-icon\" style=\"text-align:center;\">\n<div class=\"aio-icon none \"  style=\"color:#eb6029;font-size:50px;display:inline-block;\">\n\t<i class=\"icomoon-ACCUEIL\"><\/i>\n<\/div><\/div><\/div><\/div><div class=\"uvc-main-heading ult-responsive\"  data-ultimate-target='.uvc-heading.ultimate-heading-390469e4c49513362 h1'  data-responsive-json-new='{\"font-size\":\"desktop:50px;\",\"line-height\":\"\"}' ><h1 style=\"font-weight:normal;color:#1a1c39;margin-top:15px;margin-bottom:50px;\">3\u00e8me : derni\u00e8re ann\u00e9e du cycle 4<\/h1><\/div><\/div>[\/vc_column][\/vc_row][vc_row ct_row_stretch=\u00a0\u00bb\u00a0\u00bb][vc_column]<div class=\"ult-spacer spacer-69e4c49513381\" data-id=\"69e4c49513381\" data-height=\"40\" data-height-mobile=\"40\" data-height-tab=\"40\" data-height-tab-portrait=\"\" data-height-mobile-landscape=\"\" style=\"clear:both;display:block;\"><\/div>[vc_column_text el_class=\u00a0\u00bbsoulignage-es college\u00a0\u00bb css=\u00a0\u00bb.vc_custom_1633076117598{padding-bottom: 30px !important;}\u00a0\u00bb]\n<h4 style=\"text-align: center;\"><strong>Derni\u00e8re\u00a0ann\u00e9e\u00a0du cycle 4<\/strong><\/h4>\n[\/vc_column_text][vc_column_text css=\u00a0\u00bb.vc_custom_1633075961414{padding-top: 40px !important;}\u00a0\u00bb]La classe de 3<sup>\u00e8me<\/sup> repr\u00e9sente la fin des \u00e9tudes en coll\u00e8ge. Le Dipl\u00f4me National du Brevet est une \u00e9tape qui finalise le travail r\u00e9alis\u00e9 lors des quatre ann\u00e9es d\u2019efforts et r\u00e9compense l\u2019acquisition de multiples comp\u00e9tences d\u00e9velopp\u00e9es dans leur parcours au coll\u00e8ge Saint Joseph.[\/vc_column_text]<div class=\"ult-spacer spacer-69e4c4951338c\" data-id=\"69e4c4951338c\" data-height=\"70\" data-height-mobile=\"70\" data-height-tab=\"70\" data-height-tab-portrait=\"\" data-height-mobile-landscape=\"\" style=\"clear:both;display:block;\"><\/div>[\/vc_column][\/vc_row][vc_row ct_row_stretch=\u00a0\u00bb\u00a0\u00bb css=\u00a0\u00bb.vc_custom_1633076681761{padding-top: 40px !important;}\u00a0\u00bb][vc_column width=\u00a0\u00bb1\/2&Prime;][vc_column_text el_class=\u00a0\u00bbsoulignage-es college\u00a0\u00bb css=\u00a0\u00bb.vc_custom_1633076670969{padding-bottom: 30px !important;}\u00a0\u00bb]\n<h4 style=\"text-align: center;\"><strong>Projet\u00a0personnel d&rsquo;orientation<\/strong><\/h4>\n[\/vc_column_text][vc_column_text css=\u00a0\u00bb.vc_custom_1633076098453{padding-top: 40px !important;}\u00a0\u00bb]Un enjeu important au terme de la classe de 3<sup>\u00e8me<\/sup>.<\/p>\n<p>Ce projet est d\u2019abord une d\u00e9marche personnelle de l\u2019\u00e9l\u00e8ve avec sa famille mais il est accompagn\u00e9 par de nombreux adultes et un suivi particulier du Professeur Principal.<\/p>\n<p>Des actions sont programm\u00e9es sur l\u2019ensemble de l\u2019ann\u00e9e\u00a0:<\/p>\n<p><strong>Au premier trimestre<\/strong>, le Professeur Principal \u00e9change et explique les grands enjeux de l\u2019orientation.<\/p>\n<p>Des rencontres individuelles entre les parents et les professeurs permettent de faire le point sur les acquis des \u00e9l\u00e8ves.<\/p>\n<p><strong>Apr\u00e8s les vacances de No\u00ebl<\/strong>, les coll\u00e9giens sont encourag\u00e9s \u00e0 participer aux portes ouvertes des lyc\u00e9es et centres de formations.<\/p>\n<p>Un forum des m\u00e9tiers est organis\u00e9 au sein de l\u2019Etablissement. Cette rencontre se d\u00e9roule sur plusieurs semaines. Des parents volontaires animent ce temps fort pour expliquer leurs m\u00e9tiers, leurs parcours et apporter un \u00e9clairage sur les fili\u00e8res d\u2019\u00e9tudes.<\/p>\n<p>Les \u00e9l\u00e8ves se d\u00e9placent \u00e9galement au forum des m\u00e9tiers pilot\u00e9 par la communaut\u00e9 de communes, avec l\u2019objectif d\u2019approfondir leurs connaissances sur l\u2019orientation post 3<sup>\u00e8me<\/sup>.<\/p>\n<p><strong>En fin d\u2019ann\u00e9e scolaire<\/strong>, les familles expriment des v\u0153ux provisoires par le biais d\u2019une fiche d\u2019orientation puis, en mai, c\u2019est le moment des v\u0153ux d\u00e9finitifs.<\/p>\n<p><strong>En juin<\/strong>, les r\u00e9sultats d\u2019affectation se finalisent.[\/vc_column_text][\/vc_column][vc_column width=\u00a0\u00bb1\/2&Prime;][vc_column_text el_class=\u00a0\u00bbsoulignage-es college\u00a0\u00bb css=\u00a0\u00bb.vc_custom_1633076007818{padding-bottom: 30px !important;}\u00a0\u00bb]\n<h4 style=\"text-align: center;\"><strong>Semaine P.A.E (projet d\u2019actions \u00e9ducatives)<\/strong><\/h4>\n[\/vc_column_text][vc_column_text css=\u00a0\u00bb.vc_custom_1633076013940{padding-top: 40px !important;}\u00a0\u00bb]Les \u00e9l\u00e8ves r\u00e9alisent un stage d\u2019observation d\u2019un milieu professionnel. Ce stage permet aux \u00e9l\u00e8ves de conforter leur projet d\u2019avenir, et d\u2019avoir un premier contact avec le monde du travail.[\/vc_column_text][\/vc_column][\/vc_row][vc_row ct_row_stretch=\u00a0\u00bb\u00a0\u00bb css=\u00a0\u00bb.vc_custom_1633076699900{padding-top: 40px !important;}\u00a0\u00bb][vc_column width=\u00a0\u00bb1\/4&Prime;][\/vc_column][vc_column width=\u00a0\u00bb1\/2&Prime;]<div class=\"ult-spacer spacer-69e4c49513394\" data-id=\"69e4c49513394\" data-height=\"70\" data-height-mobile=\"70\" data-height-tab=\"70\" data-height-tab-portrait=\"\" data-height-mobile-landscape=\"\" style=\"clear:both;display:block;\"><\/div>[vc_column_text el_class=\u00a0\u00bbsoulignage-es college\u00a0\u00bb css=\u00a0\u00bb.vc_custom_1633076170236{padding-bottom: 30px !important;}\u00a0\u00bb]\n<h4 style=\"text-align: center;\"><strong>Heures d&rsquo;enseignement<\/strong><\/h4>\n[\/vc_column_text][vc_column_text css=\u00a0\u00bb.vc_custom_1633076049607{padding-top: 40px !important;}\u00a0\u00bb]\n<h4><\/h4>\n<table width=\"376\">\n<tbody>\n<tr>\n<td width=\"296\">Fran\u00e7ais<\/td>\n<td width=\"80\">4H00<\/td>\n<\/tr>\n<tr>\n<td>Math\u00e9matiques<\/td>\n<td>3H30<\/td>\n<\/tr>\n<tr>\n<td>Anglais<\/td>\n<td>3H<\/td>\n<\/tr>\n<tr>\n<td>Espagnol ou Allemand<\/td>\n<td>2H30<\/td>\n<\/tr>\n<tr>\n<td>Histoire G\u00e9ographie-EMC<\/td>\n<td>3H30<\/td>\n<\/tr>\n<tr>\n<td>SVT (Sciences et Vie de la Terre)<\/td>\n<td>1H30<\/td>\n<\/tr>\n<tr>\n<td>Technologie<\/td>\n<td>1h30<\/td>\n<\/tr>\n<tr>\n<td>Sciences physiques<\/td>\n<td>1H30<\/td>\n<\/tr>\n<tr>\n<td>Arts plastiques<\/td>\n<td>1H<\/td>\n<\/tr>\n<tr>\n<td>Education musicale<\/td>\n<td>1H<\/td>\n<\/tr>\n<tr>\n<td>EPS (Education Physique et Sportive)<\/td>\n<td>3H<\/td>\n<\/tr>\n<tr>\n<td>Latin (Accompagnement compl\u00e9mentaire)<\/td>\n<td>2H<\/td>\n<\/tr>\n<tr>\n<td>Titulariat<\/td>\n<td>0H30<\/td>\n<\/tr>\n<tr>\n<td>Parcours affectivit\u00e9<\/td>\n<td>3 fois\/an<\/td>\n<\/tr>\n<\/tbody>\n<\/table>\n[\/vc_column_text][\/vc_column][vc_column width=\u00a0\u00bb1\/4&Prime;][\/vc_column][\/vc_row][vc_row ct_row_stretch=\u00a0\u00bb\u00a0\u00bb][vc_column]<div class=\"ult-spacer spacer-69e4c4951339b\" data-id=\"69e4c4951339b\" data-height=\"150\" data-height-mobile=\"150\" data-height-tab=\"150\" data-height-tab-portrait=\"\" data-height-mobile-landscape=\"\" style=\"clear:both;display:block;\"><\/div>[\/vc_column][\/vc_row]\n","protected":false},"excerpt":{"rendered":"<p>[vc_row ct_row_stretch=\u00a0\u00bb\u00a0\u00bb][vc_column][\/vc_column][\/vc_row][vc_row ct_row_stretch=\u00a0\u00bb\u00a0\u00bb][vc_column][vc_column_text el_class=\u00a0\u00bbsoulignage-es college\u00a0\u00bb css=\u00a0\u00bb.vc_custom_1633076117598{padding-bottom: 30px !important;}\u00a0\u00bb] Derni\u00e8re\u00a0ann\u00e9e\u00a0du cycle 4 [\/vc_column_text][vc_column_text css=\u00a0\u00bb.vc_custom_1633075961414{padding-top: 40px !important;}\u00a0\u00bb]La classe de 3\u00e8me repr\u00e9sente la fin des \u00e9tudes en coll\u00e8ge. Le Dipl\u00f4me National du Brevet &#8230;<\/p>\n","protected":false},"author":1,"featured_media":0,"parent":0,"menu_order":0,"comment_status":"closed","ping_status":"closed","template":"","meta":{"footnotes":""},"class_list":["post-520","page","type-page","status-publish","hentry"],"_links":{"self":[{"href":"https:\/\/www.es-jmm-savenay.fr\/college-saint-joseph-savenay\/wp-json\/wp\/v2\/pages\/520","targetHints":{"allow":["GET"]}}],"collection":[{"href":"https:\/\/www.es-jmm-savenay.fr\/college-saint-joseph-savenay\/wp-json\/wp\/v2\/pages"}],"about":[{"href":"https:\/\/www.es-jmm-savenay.fr\/college-saint-joseph-savenay\/wp-json\/wp\/v2\/types\/page"}],"author":[{"embeddable":true,"href":"https:\/\/www.es-jmm-savenay.fr\/college-saint-joseph-savenay\/wp-json\/wp\/v2\/users\/1"}],"replies":[{"embeddable":true,"href":"https:\/\/www.es-jmm-savenay.fr\/college-saint-joseph-savenay\/wp-json\/wp\/v2\/comments?post=520"}],"version-history":[{"count":9,"href":"https:\/\/www.es-jmm-savenay.fr\/college-saint-joseph-savenay\/wp-json\/wp\/v2\/pages\/520\/revisions"}],"predecessor-version":[{"id":1204,"href":"https:\/\/www.es-jmm-savenay.fr\/college-saint-joseph-savenay\/wp-json\/wp\/v2\/pages\/520\/revisions\/1204"}],"wp:attachment":[{"href":"https:\/\/www.es-jmm-savenay.fr\/college-saint-joseph-savenay\/wp-json\/wp\/v2\/media?parent=520"}],"curies":[{"name":"wp","href":"https:\/\/api.w.org\/{rel}","templated":true}]}}